 8. Suppose m = 3*w - 4*w. Let i(s) = -7*s**3. Determine i(w).
7
Let o be 96/(-18)*1*3/2. Let q(y) = -y**3 - 9*y**2 - 4*y + 10. Determine q(o).
-22
Let w(s) = -s. Let b(f) = -f**3 - 6*f**2 - 4*f. Let o be b(-5). Calculate w(o).
5
Let m be (21/18)/7 + (-75)/18. Let y(f) = -f**3 - 5*f**2 - 6*f - 4. Determine y(m).
4
Let v(k) = 3*k. Let f(n) = -7*n. Let a(i) = 2*f(i) + 5*v(i). Let j(l) = l - 1. Let h be j(5). Let r(d) = -d**2 + 5*d - 4. Let w be r(h). Give a(w).
0
Let k(m) = -2*m**2 - 2*m. Let z(o) = -o**2 + 1. Let d(l) = k(l) - z(l). Let i be (-3)/6*1*2. Calculate d(i).
0
Suppose -15 = -12*a + 7*a. Let c(y) = -2 - 5 - 5*y**2 + y**a + 4*y**2. Give c(0).
-7
Let c(p) = -p - 10. Let t(a) = a**3 + 8*a**2 + 15*a + 10. Let j be t(-6). Give c(j).
-2
Let n(z) = 10*z + 9. Let x(w) = -10*w - 8. Let m(l) = -5*n(l) - 6*x(l). What is m(-2)?
-17
Let w(c) be the second derivative of c**3/6 - 3*c**2 + c. Suppose 0 = -26*z + 20*z + 24. Determine w(z).
-2
Let f be (-2)/(-2 - 2)*4. Let z(q) = f*q**2 + 1 - 2 - q**2 - 4*q - 2*q. Give z(5).
-6
Let n(u) = -5*u**3 + 2*u**2 - u. Suppose -5*l + 3*x = -26, 3*l - 5*x + x - 20 = 0. Suppose 0 + l = 4*y. Let f be n(y). Let k(t) = -t + 5. Give k(f).
9
Let j(l) = l**2 - 4*l - 2. Suppose -4*i = -5*a, 5*i - 45 = -4*a - a. What is j(a)?
-2
Let p(l) = 2*l**2 + l - 5. Let i be p(-5). Let d be 12/(-30)*i/(-2). Let c be 34/d + 3/(-12). Let k(t) = -t. Calculate k(c).
-4
Let y(v) = 6*v**2 - 2*v - 1. Suppose 4*r - 5*r = 4. Let i be ((-2)/4)/(r/(-8)). What is y(i)?
7
Let s be 45/35 + (-4)/14. Let u(y) = y**3 + y**2 - 2*y + 1. Determine u(s).
1
Let i(k) = -k. Let z be i(-2). Suppose z*o - 1 = -2*o + g, o - 13 = -4*g. Let r(y) = 7*y + 8*y - 1 - 3*y. What is r(o)?
11
Let n(j) = j**2 - j + 1. Let p(k) = -k**3 + k**2 + k. Let r(l) = -6*l**3 + l**2 + 9*l - 6. Let q(t) = 5*p(t) - r(t). Let s(m) = -2*n(m) + q(m). Give s(-3).
1
Suppose 5*v + j = -22, -j + 11 = -v + j. Let i(x) = 2*x**3 - x**2 + 5*x + 3. Let c(a) = -a**3 - a**2 + 1. Let f(h) = 3*c(h) + i(h). Give f(v).
6
Suppose -2*j - f = -4*j - 41, 0 = -5*j - 5*f - 65. Let b be 2/9 + 112/j. Let c(n) = -n**3 - 7*n**2 - 5*n + 5. Determine c(b).
-1
Let i(b) = -2*b**2 - 2*b + 1. Let g(y) = 15*y - 1. Let t be g(1). Suppose -14 = -3*n - 4*d, t = -n + 6*n + 2*d. Give i(n).
-11
Let d(p) be the third derivative of p**5/30 - p**4/8 + p**3/2 + 10*p**2. Determine d(2).
5
Let h(v) = -v**3 - 2*v**2 + 3*v + 3. Let o = 21 - 32. Let a = o + 9. Determine h(a).
-3
Suppose 5*k = 41 + 9. Let u = k + -6. Let c(z) = 2*z**3 - 3*z**2 + u*z**2 - z**3 - 2. Determine c(0).
-2
Let h(s) = -5*s**2. Let i be h(-1). Let a(p) = -p**2 - p. Let q(f) = -2*f**2 - 2*f. Let r(u) = i*a(u) + 3*q(u). Determine r(2).
-6
Let u(z) = z**2 - 3*z - 2. Let p(m) = -2*m**2 + 4*m + 2. Let w(g) = -3*p(g) - 4*u(g). Determine w(2).
10
Let m(k) = 4*k**2 + k - 1. Let h be m(1). Let n(c) = h*c - 4*c + 1 + c. Calculate n(0).
1
Let n = -15 + 13. Let t(z) = -4*z - 2. Determine t(n).
6
Let w(x) be the second derivative of -x**6/80 - x**5/120 - x**4/6 - x. Let k(h) be the third derivative of w(h). Give k(-1).
8
Let x(r) = 1 + 7*r - 1 + 6 - 5. Suppose 2*s + o + 4 = -o, -20 = 4*o. Let m(l) = -l + 2. Let w be m(s). Determine x(w).
-6
Let o(v) = 4*v**2 - 3*v. Suppose 0 = 4*m + 4*n - 5*n - 7, 3*m + n - 14 = 0. Determine o(m).
27
Let y(o) = 0 + 2 + 122*o - 123*o. Let k(z) = z - 10. Let r be k(7). Calculate y(r).
5
Let w(a) be the third derivative of a**4/8 - 3*a**3/2 - 19*a**2. Calculate w(9).
18
Suppose 12 = -5*j - 8. Let y(u) be the third derivative of 1/3*u**3 + 1/24*u**4 + 0*u + 3*u**2 + 0. Give y(j).
-2
Suppose -3*c = -3*u - 18, 0 = 4*c - 4*u + 2*u - 26. Let x(q) = 9 - c + 5*q - 2*q. What is x(2)?
8
Let q(b) = -2*b. Let s be q(-2). Let w(u) be the first derivative of -u**4/4 + 5*u**3/3 - 3*u**2 + u - 14. What is w(s)?
-7
Let g(n) = -n**2 + n - 1. Suppose -18 = c - 4*c. Let u be (-5)/((-15)/c)*1. Give g(u).
-3
Let w(l) be the first derivative of -l**2 - 5*l - 26. What is w(-6)?
7
Let p(q) = -q + 1. Let v be -1 - -3 - (-12 - -10). Determine p(v).
-3
Let m(p) = 0*p + 1 - 2*p + 4*p - 4. What is m(6)?
9
Let u(q) = -2*q**2 + 2*q - 4. Let o(w) = -w**2 + w - 3. Let g(x) = 3*o(x) - 2*u(x). What is g(-2)?
5
Suppose 0*l - 5*l = 0. Suppose 5*u - 4*w = 2, u + l*u = -w + 4. Let g(c) = -c**3 - 4*c**2 + 2*c + 2. Determine g(u).
-18
Let k(o) = -o**3 - 7*o**2 - 4*o - 1. Suppose 8*l = 6*l - 12. Determine k(l).
-13
Let h(v) = -v**2 + v + 8. Let c be 4/1 - (1 + 0). Let x(g) = 4 - 1 - g + c. Let d be x(6). Calculate h(d).
8
Let a be 0 + (-1 - 2) + 1. Let s = -7 - a. Let n(j) = -j - 3. What is n(s)?
2
Let p(v) = -5 - 4 + 7 + 3*v**2 + 1 - v. Suppose -4*g + y = -y - 6, g = 4*y + 19. Give p(g).
3
Let k(o) = o**2 - 3*o + 3. Suppose 4*t + 2*z + z + 6 = 0, 3*t + 2 = -z. Let f(y) = -y + 6. Let b be f(t). Suppose 2*p - b = -0*p. Give k(p).
3
Let f = -2 + 5. Let v(o) = -4 + f - o - 3*o. Calculate v(-2).
7
Let b(m) be the third derivative of -m**6/120 - m**5/60 - m**4/24 - 15*m**2. Suppose -4*n - 4 = 2*a, 2*n + 3*n - 3*a + 5 = 0. Give b(n).
1
Let q(y) = y**3 + 3*y**2 - 5*y + 3. Let x = -7 + 10. Suppose x*j - 20 = -j. Suppose -d = -j*d - 16. Calculate q(d).
7
Let c(j) = -2*j**2 - j + 2. Let r be (1 + 0)/(11/121). Let n = r - 9. What is c(n)?
-8
Let v(x) = -4 + 0*x + 1 + 5 - x. Give v(0).
2
Let g(c) = -1 + 0*c - 6*c + 2*c + 4. Let z(a) = -a**3 + 3*a**2 + 6*a - 5. Let d be z(4). Suppose 5*t + l + d = 17, t + 5*l - 22 = 0. Give g(t).
-5
Let k(q) = -q - 6. Suppose 0 = 3*t + l + l - 48, 84 = 4*t - 4*l. Suppose f = 4*h - 7*h - t, h = -3*f - 6. What is k(h)?
0
Let y(c) be the first derivative of -c**3/3 - 5*c**2/2 - 4*c - 4. Let m be 1 - 10*(-1)/(-2). Give y(m).
0
Let q(l) be the second derivative of -l**4/12 - l**3/3 - 5*l**2 - 10*l. Let a(r) be the first derivative of q(r). What is a(-2)?
2
Let g be (2 + 1)/(-2 + 4)*2. Let u = 2 + 4. Let v(j) = -j**2 + 0 + 0*j**2 + u + g*j + 0*j**2. Determine v(5).
-4
Let o(l) = 4*l - 5*l + 6 + 4*l. Give o(-6).
-12
Let m(u) = -u + 1. Let g(x) = 2*x - 2. Let o(q) = -g(q) + m(q). Suppose -4*t + 3*t = -n + 7, -t = -5*n + 39. Suppose -5*y + 2 = -n. Calculate o(y).
-3
Let g(v) = -11*v**2 + 2*v + 3. Let f(k) = 21*k**2 - 3*k - 5. Let h(j) = -3*f(j) - 5*g(j). Give h(-1).
-7
Let d = -22 - -22. Let c(m) = -m**2 - m + 3. What is c(d)?
3
Let d(t) = -t**3 + 7*t**2 - 7*t - 1. Let x be -4*(-15)/24*-2. Let j = 1 - x. Determine d(j).
-7
Let v = 19 - 11. Suppose s = -s - v. Let m(u) = -u. Give m(s).
4
Let r(w) = -3*w - 3 + w**2 + w + 4*w. Give r(-3).
0
Let f(k) be the first derivative of -2*k**3/3 - 3*k**2/2 - 2*k - 3. Calculate f(-3).
-11
Let m = 5 - 9. Let i(f) be the second derivative of 5*f + 0 - 2/3*f**3 - 5/12*f**4 + 5/2*f**2 - 1/20*f**5. What is i(m)?
5
Let y(i) = -i**3 + 10*i**2 + 11*i - 12. Let l be (-30)/(-12) + -2 - 42/(-4). What is y(l)?
-12
Suppose n = -88 + 91. Let r(q) = -q**2 + q - 2. Give r(n).
-8
Let p(n) = -6 - 3 + 3 - n. What is p(-9)?
3
Let t(m) be the third derivative of -m**6/120 + m**5/60 + m**3/6 - 2*m**2 + 2. Calculate t(2).
-3
Let d(a) be the second derivative of -a**4/12 - a**3 - 3*a**2 + 3*a. Let s(q) = 2*q + 2. Let p be s(-3). Give d(p).
2
Let r(g) = -2*g**3 + 5*g**2 + 17. Let o(u) = 4*u + 7*u**2 + 25 - 4*u - 3*u**3. Let k(y) = -5*o(y) + 7*r(y). Calculate k(0).
-6
Let c = 18 + -9. Suppose 0*s - c = 3*s. Let a(t) = t + 4. What is a(s)?
1
Let o be 4/(-3)*30/(-20). Let j(q) be the first derivative of 4/3*q**3 - 3 + 0*q - 1/2*q**o. What is j(1)?
3
Let m(c) = c**2 - 7*c - 10. Suppose -48 + 27 = -3*h. Determine m(h).
-10
Let i be 2/(-4) - (-38)/4. Let d be (-2)/4 - i/(-2). Let m = d + -5. Let l(a) = -9*a**3 + a + 1. Give l(m).
9
Let l(c) = -c + 4 + 2 - 5. Let r be ((-9)/6)/(6/16). Let j = -2 - r. Calculate l(j).
-1
Suppose -5*f + 50 = -3*d + d, 2*d + 34 = 3*f. Let m be (6/(-4))/(f/(-16)). Let a(c) = -c**3 + 2*c**2 + 2*c - 1. Determine a(m).
-4
Suppose 35*t - 24 = 31*t. Let k(h) = -h**3 - t + 6 - 5*h**2 + 2*h**3 + 6*h. Let l(q) = q**2 + 6*q + 4. Let a be l(-6). Determine k(a).
8
Let a(i) be the second derivative of i**7/840 + i**6/60 + i**5/40 - 5*i**4/24 + 4*i**3/3 + 6*i. Let l(f) be the second derivative of a(f). Determine l(-4).
15
Let k(g) be the second derivative of -2*g + 1/60*g**5 + 1/2*g**2 - 7/24*g**4 + 1/2*g**3 + 0. Let v(d) be the first derivati